base 5, what is -1002 + 20?
-432
In base 13, what is -1a + a0?
83
In base 15, what is 2949 - 5?
2944
In base 10, what is -16 - -34?
18
In base 12, what is -9 + -26?
-33
In base 12, what is -184 - -13?
-171
In base 15, what is -1b - 1c9?
-1e5
In base 11, what is 286 + 2?
288
In base 11, what is -4 - 113?
-117
In base 16, what is 5 - -4fa?
4ff
In base 4, what is 2 + 22230?
22232
In base 12, what is 1 + 33?
34
In base 14, what is -113 - 12?
-125
In base 10, what is 36 + 23?
59
In base 14, what is -3 - -2cd?
2ca
In base 15, what is 119a - -1?
119b
In base 5, what is -30 - -110?
30
In base 6, what is -20335 + 1?
-20334
In base 5, what is 3 - -12?
20
In base 13, what is -37ab + 3?
-37a8
In base 4, what is 30 - -1?
31
In base 10, what is -5 - 13?
-18
In base 4, what is -3003 - 2?
-3011
In base 8, what is -4 - -51?
45
In base 3, what is -1 - -1100020?
1100012
In base 15, what is -c - 21b?
-228
In base 16, what is 107 + 7?
10e
In base 11, what is 9 - -587?
595
In base 16, what is -1657 + -2?
-1659
In base 13, what is -4009 + -4?
-4010
In base 3, what is -22 + -112?
-211
In base 6, what is 1 - -1310?
1311
In base 12, what is 0 + 2931?
2931
In base 7, what is 2 + -22?
-20
In base 11, what is 1 + 40?
41
In base 11, what is 12 - -10?
22
In base 10, what is 5 - 2446?
-2441
In base 9, what is 1332 - 2?
1330
In base 14, what is -2a7 + 4?
-2a3
In base 7, what is -6 + -10?
-16
In base 4, what is -233 - -3?
-230
In base 12, what is 2b2 + 3?
2b5
In base 5, what is 3 - -142?
200
In base 6, what is -1000 + 52?
-504
In base 13, what is -7 - 45?
-4c
In base 10, what is -5 + -15?
-20
In base 14, what is -5 - 2ad?
-2b4
In base 5, what is 1340 + -12?
1323
In base 5, what is 2 - -333?
340
In base 7, what is -4 - -1212?
1205
In base 5, what is 3123 + -10?
3113
In base 12, what is -42 + -215?
-257
In base 11, what is 4 + 33?
37
In base 12, what is 3 + -17?
-14
In base 9, what is -64 - 62?
-136
In base 4, what is 2 + -322?
-320
In base 11, what is 4 - -87?
90
In base 15, what is 4 + 53?
57
In base 13, what is 9 - -17?
23
In base 10, what is 15 + -160?
-145
In base 16, what is 26 - 5?
21
In base 5, what is -144 + 220?
21
In base 7, what is -1 + -1254?
-1255
In base 12, what is -3 - -1470?
1469
In base 8, what is 20 + 7?
27
In base 8, what is 3 - -127?
132
In base 13, what is -143 + 1?
-142
In base 11, what is -3 - -765?
762
In base 16, what is -2f3 + 2?
-2f1
In base 11, what is -a - -78?
69
In base 6, what is -51 + -341?
-432
In base 8, what is -60 + 21?
-37
In base 8, what is -6 + 1372?
1364
In base 6, what is -3 + -322?
-325
In base 13, what is 4a - 4?
46
In base 10, what is -14 - 7?
-21
In base 7, what is 0 - -404?
404
In base 16, what is 325 - 5?
320
In base 3, what is 12 + -1221221?
-1221202
In base 6, what is 14502 + 1?
14503
In base 12, what is -1 - 17b?
-180
In base 16, what is -e - -6?
-8
In base 5, what is 420 + -13?
402
In base 11, what is 2 - -96?
98
In base 16, what is 478 - -2?
47a
In base 7, what is -4 - -15315?
15311
In base 5, what is 13424 - 4?
13420
In base 16, what is 5 + -6dc?
-6d7
In base 11, what is -42 - 4?
-46
In base 8, what is -16262 - 1?
-16263
In base 10, what is 128 + 1?
129
In base 2, what is -100 - 111010?
-111110
In base 15, what is 17 + 4?
1b
In base 5, what is 2 - 1313?
-1311
In base 2, what is 101111110110 + -100?
101111110010
In base 14, what is -89 - -a?
-7d
In base 11, what is 17 - -2a4?
310
In base 4, what is 1023 - -2?
1031
In base 15, what is -167 - 19?
-181
In base 8, what is -42 + 5?
-35
In base 2, what is 0 - 111100011?
-111100011
In base 15, what is 0 - -7d?
7d
In base 3, what is -2121 - 20?
-2211
In base 4, what is -2 - -2032?
2030
In base 4, what is -1013012 + -11?
-1013023
In base 11, what is -16 + -14?
-2a
In base 3, what is 10 - 11121111?
-11121101
In base 15, what is -3 + 477?
474
In base 8, what is 153 - -5?
160
In base 10, what is -755 - -3?
-752
In base 9, what is -2 + -837?
-840
In base 10, what is -2 - 1732?
-1734
In base 3, what is 221 - -10?
1001
In base 3, what is -102 + -2211122?
-2212001
In base 3, what is 20 - 1202102?
-1202012
In base 14, what is 3 + -1d?
-1a
In base 4, what is 101002 - 20?
100322
In base 14, what is 5 - -2c2?
2c7
In base 3, what is 0 - 2221112?
-2221112
In base 11, what is -5 - 1115?
-111a
In base 8, what is -5 - 100?
-105
In base 6, what is -14 + -452?
-510
In base 12, what is 2278 - 5?
2273
In base 8, what is -6 - -732?
724
In base 12, what is -4 - -115?
111
In base 9, what is 4304 + 3?
4307
In base 8, what is 2 - 161?
-157
In base 5, what is -314 + 22?
-242
In base 10, what is -4 + 133?
129
In base 14, what is 644 + -4?
640
In base 12, what is -1 - 680?
-681
In base 15, what is 3 + -23?
-20
In base 12, what is -5 - 246?
-24b
In base 10, what is -2 - 1089?
-1091
In base 16, what is -1 + -233?
-234
In base 13, what is -24b3 - 0?
-24b3
In base 16, what is 58e + -5?
589
In base 8, what is 2 + -55?
-53
In base 16, what is 3e - d?
31
In base 10, what is 18 + 0?
18
In base 9, what is 2888 - 3?
2885
In base 9, what is -5 - 1704?
-1710
In base 13, what is -5 - -86?
81
In base 8, what is 3717 + -3?
3714
In base 13, what is 103 - -8?
10b
In base 4, what is 3 - -21?
30
In base 8, what is 4 + -1222?
-1216
In base 16, what is -41 + d2?
91
In base 15, what is 1 - -400?
401
In base 13, what is -278 + -2?
-27a
In base 2, what is -10101111000000 - 101?
-10101111000101
In base 14, what is 4 - -bbb?
bc1
In base 14, what is 3d95 + 3?
3d98
In base 3, what is 12012101 + 1?
12012102
In base 4, what is 10 + 31023?
31033
In base 8, what is 2 - -530?
532
In base 3, what is 2001122 + -1?
2001121
In base 6, what is 5 + 2403?
2412
In base 15, what is -8 + 4?
-4
In base 14, what is -2 - 1c29?
-1c2b
In base 11, what is -41 + a4?
63
In base 10, what is -39 + -34?
-73
In base 9, what is -5 + -150?
-155
In base 14, what is -2 - -10b?
109
In base 2, what is 10011000011010 + 0?
10011000011010
In base 12, what is 1 + 248?
249
In base 5, what is 2 - 11?
-4
In base 16, what is 5 + 293?
298
In base 12, what is -20 + 698?
678
In base 9, what is -100042 - -2?
-100040
In base 15, what is 0 + 402?
402
In base 13, what is -7aa - -1?
-7a9
In base 11, what is -1975 - -5?
-1970
In base 11, what is -280 - 0?
-280
In base 5, what is 3 + 231?
234
In base 15, what is 117 - -4?
11b
In base 12, what is -89a + 1?
-899
In base 14, what is -30 + -1?
-31
In base 3, what is 20 + 120?
210
In base 8, what is 1 + -1106?
-1105
In base 8, what is 2 + -12253?
-12251
In base 3, what is -10211 - 2?
-10220
In base 3, what is 11 - 121212?
-121201
In base 4, what is 2 + -21?
-13
In base 10, what is 2005 + 1?
2006
In base 11, what is 2 + -1193?
-1191
In base 4, what is -1 - 1223?
-1230
In base 8, what is 1173 + 7?
1202
In base 12, what is 34b0 + -1?
34ab
In base 7, what is 2162 + -3?
2156
In base 11, what is 1 - 254?
-253
In base 13, what is -32 - 39?
-6b
In base 6, what is -2 - -2425?
2423
In base 12, what is -97 - -10?
-87
In base 6, what is 14 + 1?
15
In base 10, what is 127 - -5?
132
In base 8, what is -3 + 547?
544
In base 5, what is -214 - -14?
-200
In base 15, what is -4a + -8?
-53
In base 16, what is 13 + -10f?
-fc
In base 12, what is 1b + -2?
19
In base 14, what is 95 - -23?
b8
In base 3, what is -11210 + 12?
-11121
In base 9, what is 16 + 281?
307
In base 7, what is -101 - 2?
-103
In base 14, what is d - 11?
-2
In base 2, what is -100000 + -1000011?
-1100011
In base 5, what is -2 + -3343?
-3400
In base 14, what is 17 - 35?
-1c
In base 14, what is 3 + 75?
78
In base 12, what is 173 - 0?
173
In base 13, what is 0 + -224?
-224
In base 8, what is -62 + 3?
-57
In base 16, what is -79 - 0?
-79
In base 11, what is -2 - -7?
5
In base 5, what is -3 - -12441?
12433
In base 6, what is 413 - 5?
404
In base 3, what is -121 + 1?
-120
In base 13, what is 177 + -2?
175
In base 10, what is 24 + 5?
29
In base 13, what is -6b9 + 0?
-6b9
In base 6, what is 0 + -214?
-214
In base 9, what is 7 + 23?
31
In base 12, what is -22 + -7?
-29
In base 13, what is 167 - -4?
16b
In base 7, what is 5 - -54?
62
In base 7, what is 4 - -112?
116
In base 2, what is 111100 - -101?
1000001
In base 11, what is -52 + 9?
-44
In base 11, what is -11 + a2?
91
In base 6, what is 43 + 25?
112
In base 15, what is -9 + 33?
29
In base 14, what is 4 - -12?
16
In base 3, what is 2210 + 1022?
11002